42 and c.
6
Suppose 0*y + 4*y = 0. Suppose y = -2*b + 1 - 23. Let i = b + 20. Calculate the highest common factor of i and 81.
9
Let u = -61 + 85. Calculate the highest common factor of u and 16.
8
Let j be ((-16)/6)/(6/(-45)). Let f(t) = 4*t**2 + 6*t + 4. Let c be f(-2). What is the highest common factor of c and j?
4
Suppose -2*t + 1 + 13 = 0. Let k = 5 + -2. Suppose -j = 3*v - 20, 2*j + 2 - 21 = -k*v. Calculate the highest common factor of t and v.
7
Let t be (-12)/(-1) - 0 - 1. Suppose 5*y - 601 = -3*l - l, 0 = -2*y + 2*l + 244. What is the greatest common factor of t and y?
11
Suppose -3*p = -p. Let r(a) = a**3 - a**2 - a + 18. Let s be r(p). Calculate the highest common factor of s and 126.
18
Suppose 57 = 5*j - 3. Let f be j - (2 + -1 + 1). What is the highest common factor of f and 40?
10
Let r(l) = -l**3 - 5*l**2 + 10*l - 4. Let h be r(-7). Suppose -5*t + 0*t = 10, -2*t - 28 = -4*z. Calculate the highest common factor of z and h.
6
Suppose p + 1 = 4*s - 6, -p - 2*s + 11 = 0. Calculate the greatest common factor of p and 35.
5
Let x be -7*(-1)/4*20. Let m be 3 + 0 - (2 - x). What is the greatest common divisor of m and 4?
4
Suppose 5*v - n + 4 - 106 = 0, -3*v - 3*n = -72. Suppose -2*m + 7 = 3. Let r(f) = f**2 - 1. Let z be r(m). What is the greatest common divisor of v and z?
3
Let j(b) = -b + 16. Let h be j(12). Suppose k = 4*k - 2*q - 21, -4*k + h*q + 24 = 0. Suppose -4*s + 17 = -7. Calculate the greatest common divisor of s and k.
3
Suppose -21*g = -g - 4140. Calculate the highest common factor of g and 23.
23
Let z(y) = 3*y**2 + 2*y - 3. Let i be z(2). Calculate the greatest common divisor of 13 and i.
13
Suppose -5*c + 5 = w - 6*w, 0 = 3*w - 4*c + 6. Suppose 28 = 2*q - b - b, 2*b - 24 = -w*q. Calculate the highest common factor of 39 and q.
13
Let q(u) = -u + 16. Let g be q(14). Suppose 0*a = 5*z + 2*a - 226, -126 = -3*z + g*a. Calculate the greatest common factor of 4 and z.
4
Suppose 2*s = 3*s - 1. Let a be 13/1 - s/1. Let x = -8 - -14. What is the greatest common factor of a and x?
6
Let l be ((0 - -5)/5)/1. Calculate the greatest common divisor of 7 and l.
1
Suppose 3*p = 4*p - 4. What is the highest common factor of 28 and p?
4
Let n = 61 - 37. What is the highest common factor of 192 and n?
24
Let m = -50 + 72. Calculate the highest common divisor of 66 and m.
22
Let j = -16 - -38. What is the highest common factor of 110 and j?
22
Suppose 5*l - 32 = 3*t, -2*l - 2*t = -4*t - 16. Let d be l/(24/(-63))*-6. Calculate the highest common divisor of 7 and d.
7
Let o be (-22)/((-12)/(7 - 1)). What is the highest common divisor of 44 and o?
11
Let r(m) = -m**2 + 4*m + 4. Let s be r(4). Suppose 4*l + 1 - 5 = -3*o, -57 = -s*o + 5*l. Suppose 0 = -n + 6 + 6. What is the greatest common factor of n and o?
4
Let n = 0 + -1. Let w be (n - 3)/((-1)/6). Let d be 6/w + 14/8. What is the highest common divisor of d and 1?
1
Let g = -37 - -75. Let z be (0 + (0 - 95))*-1. Calculate the greatest common divisor of g and z.
19
Suppose 5*c = 3*c + 14. Suppose c*x = 3*x. Suppose -2*b - 3*b + 25 = x. What is the highest common divisor of b and 40?
5
Suppose -62 = -3*n - 20. Let f = n + -4. Calculate the greatest common factor of f and 10.
10
Suppose -4*r + 450 = r. Suppose -2*t + 3*h + 42 = 0, -3*t + 26 + 30 = -h. What is the greatest common factor of r and t?
18
Let l be -1*((2 - 3) + -1). Let o be (l/(-3))/(4/(-78)). Calculate the greatest common factor of o and 13.
13
Suppose 2*n + 6 = 4*n - 4*g, 0 = -n + g + 7. Calculate the greatest common divisor of n and 77.
11
Suppose -3*g = 4*d - 147, -d + 2 = -4*g - 11. Calculate the greatest common divisor of 11 and d.
11
Suppose 65 = -3*u - 2*d + 223, 166 = 3*u - 2*d. Calculate the highest common factor of u and 36.
18
Suppose 3*g - 2*g = 4. What is the highest common factor of g and 10?
2
Suppose -3*g + 348 = -2*v - 8*g, -174 = v + 5*g. Let m = v + 22. Let r = 240 + m. Calculate the highest common factor of r and 8.
8
Suppose 7 + 4 = d. Calculate the highest common divisor of 77 and d.
11
Let a = -29 - -46. What is the highest common factor of a and 34?
17
Let w = 20 - 8. Calculate the greatest common factor of 12 and w.
12
Suppose -4*v + 39 = -49. Calculate the greatest common factor of 154 and v.
22
Suppose 15 = 3*u - 0. Suppose p - u*b + 3 = -2, p - b - 3 = 0. Suppose -8 = -p*j + 12. What is the greatest common factor of 36 and j?
4
Let a be 64/6 - (-8)/(-12). Let g(f) = -14*f - 3. Let u be g(-2). What is the highest common divisor of a and u?
5
Let r be 100/4 - 0 - 2/1. What is the highest common divisor of 161 and r?
23
Let f be 4/(-18) - (-266)/63. Suppose -f*z + 67 = 5*y - 139, 3*z + 3 = 0. Calculate the greatest common factor of 63 and y.
21
Suppose -2*j + 6*j = 64. Let z(v) = -47*v + 3. Let q be z(-3). What is the greatest common divisor of q and j?
16
Suppose 0 = q + n - 1, -q - 19 = -2*q + 5*n. Let j be 2*17 - (-5 + q). Suppose -4*u + 17 = -3. Calculate the greatest common divisor of j and u.
5
Let g be 136/20*(48 + -3). What is the highest common factor of g and 34?
34
Suppose -2 = -2*d - 0. Suppose -d = -4*v + a, -a - 4*a - 5 = 0. Suppose 2*i + 4*t = 26, -33 = -5*i - v*t - 2*t. Calculate the greatest common factor of i and 2.
1
Let d(f) = -f**2 - 13*f - 10. Let a be d(-9). What is the greatest common divisor of 39 and a?
13
Let f(i) = i**3 - 6*i**2 + 3*i - 5. Let w be f(5). Let k be (16/(-10))/(6/w). Calculate the highest common factor of 36 and k.
4
Let q(f) = -f**2 - 8*f - 4. Let j be q(-7). What is the highest common divisor of 21 and j?
3
Let g = 13 + -22. Let l be (g/(-12))/(1/24). Let a = l - 10. Calculate the greatest common factor of 2 and a.
2
Let y(o) = 35*o**2 + o + 2. Let s = -4 + 3. Let w be s/((-2 + 0)/4). Let a be y(w). What is the highest common factor of 16 and a?
16
Let k(a) = 2*a**2 + 0*a + 2 - a - 4. Let g be k(4). Let t = 136 - 58. What is the highest common divisor of t and g?
26
Let s = 7 - 6. What is the highest common factor of 11 and s?
1
Suppose -15 = -4*m + m. Let z = -4 + m. Suppose 0 = -3*h + 2*h + 5. What is the highest common divisor of z and h?
1
Let d = 349 + -346. Suppose -8 = -4*n + 2*i, 10 = -4*i - 6. Let h be -44*(3/(-4) + n). Calculate the greatest common divisor of d and h.
3
Let p be (-3575)/(-91) + 4/(-14). Calculate the greatest common factor of 13 and p.
13
Suppose -5*w = 3*n - 284, -2*w = 4*n - 127 - 233. Calculate the greatest common factor of 11 and n.
11
Let s(j) = -12*j**3 + 7*j + 6. Let r be s(-1). What is the highest common divisor of 33 and r?
11
Let r = 11 + -9. Suppose -1 = -i - 5*o - r, -4*o + 79 = 5*i. Let u = 28 + -9. Calculate the highest common divisor of u and i.
19
Suppose -7*c = -71 - 34. Let l be ((-2)/(-4))/((-1)/(-180)). Calculate the highest common divisor of c and l.
15
Let z(t) = -4*t**2 - 10*t - 5. Let i(o) = 7*o**2 + 19*o + 10. Let l(f) = -3*i(f) - 5*z(f). Let y be l(-4). Calculate the highest common divisor of 7 and y.
7
Let l(u) = -7*u**3 - u**2 + 2. Let s be l(-3). Let z = s + 27. Calculate the greatest common factor of z and 19.
19
Suppose -3*r = -r - 228. Calculate the greatest common divisor of 76 and r.
38
Suppose 3*x - 3 = 0, -4*x + 24 = 4*h - 136. Calculate the highest common divisor of 312 and h.
39
Let p = 3 - 0. Suppose -5*c + 11 = 2*b - 0*b, p*c = 3. Suppose -3*z = 0, 18 - 135 = -3*x - b*z. Calculate the greatest common factor of 13 and x.
13
Suppose 9 - 3 = 2*r. Suppose 0*w + 5*i + 6 = -w, 2*w = 5*i + 18. Suppose -y + 165 = w*y. What is the greatest common factor of y and r?
3
Let c(l) = l**2 + l - 8. Suppose t = -d - 11, -5*d + 4*t - 25 = 3*t. Let j be c(d). Calculate the highest common factor of j and 33.
11
Let g be (-2 - 2) + 0 - -99. What is the highest common divisor of g and 19?
19
Let n(q) = 6*q - 9. Let r be n(6). Suppose 0 = 8*v - 5*v - r. Calculate the greatest common divisor of v and 9.
9
Let n be 40/(((-15)/(-6))/5). What is the greatest common divisor of 16 and n?
16
Suppose -9*s = -2*s - 1960. Calculate the greatest common factor of s and 35.
35
Let v(b) = -b**2 - 5*b - 4. Let m be v(-3). Suppose 0 = -4*o - 5 + 13. Let l be m/2*o*13. Calculate the greatest common factor of l and 65.
13
Let m be -3 - (-101 - -1) - -2. What is the greatest common divisor of m and 9?
9
Let n = 27 + -25. Calcul